(w) = -7*w**2 - 9*w + 9. Let y(o) = -o**2 - o + 1. Let s(q) = -n(q) + 6*y(q). Let l be s(-4). Let i = 4 - l. List the prime factors of i.
3
Suppose 4*q + 0*q - 8 = 0. Suppose 0 = -l - 3*m + q*m + 24, -104 = -3*l + 5*m. List the prime factors of l.
2, 7
Let r(s) = 13*s**3 - 2*s**2 - 13*s + 14*s + 3*s**3. Let v(m) = m - 8. Let z be v(9). What are the prime factors of r(z)?
3, 5
Suppose 2*q - 3*d - 68 = -2*d, -3*q = -4*d - 97. List the prime factors of q.
5, 7
Suppose -5*w - 115 = -5*i, -5*w - 47 = 3*i + 28. What are the prime factors of (-2)/(-1) - w/9?
2
Let k(p) be the first derivative of -p**5/20 + p**4/3 + p**3/3 - 2*p**2 - p - 1. Let s(m) be the first derivative of k(m). What are the prime factors of s(3)?
11
Let j be 0 - 0 - (-1 - 2). Suppose j*s - 2*t + 25 = 0, 3*s = s + 3*t - 25. List the prime factors of 1 - (s - (0 + -1)).
5
Suppose -9*o + 99 = -8*o. List the prime factors of o.
3, 11
Let w = 32 - 2. What are the prime factors of w?
2, 3, 5
Suppose -5*y + 4*y = -4. Suppose 3*n - 97 = -y. List the prime factors of n.
31
Let x = 0 + -10. Let h be (-6)/4 - (-25)/x. List the prime factors of h/4 + 6*2.
11
Suppose 6*i - 279 = 147. List the prime factors of i.
71
Suppose -2*m = i - 8, 0*m + 2*m - 24 = -5*i. Suppose d + 5*s - 24 = 0, i = s - 0. Suppose 0 = -3*n + 3*c - 8 + 29, 2*c = d*n - 18. List the prime factors of n.
2
Suppose z = -0 + 2. Suppose 6 + 54 = w + 5*o, w = -z*o + 48. What are the prime factors of w?
2, 5
Suppose 0 = -3*d + n - 5*n + 927, -5*d + 1545 = -2*n. What are the prime factors of d?
3, 103
Let r = -127 - -73. Let v = r + 108. Suppose f - 17 = 3*o, -o + v = 4*f - 1. What are the prime factors of f?
2, 7
Suppose 4*g - 22 = 90. What are the prime factors of g?
2, 7
Suppose 2*w = 4 + 82. List the prime factors of w.
43
Let r(a) = a**2 + 5*a + 5. Let v be r(-5). Suppose -n - 2*p = -0*p + 9, 3*p + 20 = v*n. What are the prime factors of -1 - (n + -2) - -6?
2, 3
Suppose j + 3*g + 9 = 0, 0 = -j + 5*g - 2*g + 15. Suppose 0 = -b + j*b - 38. What are the prime factors of b?
19
List the prime factors of ((-42)/(-7))/(2 + 121/(-62)).
2, 31
Suppose -53 = -4*l - 13. Suppose 3*w - l = -4*z, -4*z + 2*z - 4 = -3*w. What are the prime factors of w?
2
Let b(w) = w**2 - 24*w - 36. What are the prime factors of b(26)?
2
Suppose 4*x + 1 = 4*m + 5, 12 = -2*m + 4*x. Suppose -m = s + 1. Let k = s - -9. List the prime factors of k.
2
List the prime factors of (-26)/(-10) + -2 + 696/15.
47
Let i = -7 + 13. What are the prime factors of i?
2, 3
Let v(m) = -m**2 - m. Let x(a) = -4*a**2 - 4. Let q(b) = -5*v(b) + x(b). What are the prime factors of q(-7)?
2, 5
Suppose -4*j = -2*r - 20, -4*j + 5*r = -2*j - 10. Suppose x - 72 = -j*l, 2*l - 2*x - 42 + 6 = 0. List the prime factors of l.
3, 5
Suppose 3*r + 128 = 7*r. What are the prime factors of r?
2
List the prime factors of 287/6 - 4/(-24).
2, 3
Suppose 85 + 39 = 4*h. List the prime factors of h.
31
Let z be 1/2 + 15/6. Let k = 5 - z. Suppose k*i - i - 2*b = -1, -5*b = 5*i - 25. List the prime factors of i.
3
Let z = -4 + 7. Suppose -j + 4*w - z = 0, -4*j + 2*w - 4*w = -78. Suppose j = 4*t + 3*l, 3*t - 2*t + 3*l - 2 = 0. What are the prime factors of t?
5
Let f = -429 - -818. List the prime factors of f.
389
Let h(n) = n**3 - 5*n**2 - 6*n + 7. List the prime factors of h(7).
3, 7
Let t(a) = 2*a**2 - 19*a + 38. What are the prime factors of t(11)?
71
Let j = 0 + 3. Suppose -j*f - 65 = -8*f. List the prime factors of f.
13
Let j(v) = v**2 - 9*v + 39. What are the prime factors of j(-16)?
439
Let m = 120 - 11. List the prime factors of m.
109
Suppose 7 = -2*d - 115. Let h = 42 + -84. Let w = h - d. What are the prime factors of w?
19
Let b = -5 + 21. List the prime factors of b.
2
Let m = -146 + 205. What are the prime factors of m?
59
Let a = 11 + -16. Let r(p) = -p**2 + 3*p + 12. Let w(s) = s + 1. Let c(g) = -r(g) + 6*w(g). What are the prime factors of c(a)?
2
Let q be 1*-11*(-1)/(-1). Let a = q - -20. What are the prime factors of (-1 + 7)/(a/6)?
2
Suppose 0 = 2*j + 20 - 118. List the prime factors of j.
7
Let a be 784/(-10) + (-16)/(-40). Let g = a - -116. What are the prime factors of g?
2, 19
Let t(d) = d**2 + 2*d + 12. List the prime factors of t(-8).
2, 3, 5
Let m be (2/2)/((-2)/4). Let a be (30/(-12))/(m/20). Suppose 4*i - 32 = -h, i = 6*i - a. What are the prime factors of h?
2, 3
Let m(h) = h**2 - 5. List the prime factors of m(-6).
31
Suppose 3*p - 24 = -78. Let k = -3 - p. List the prime factors of k.
3, 5
Let x(z) = -8*z**3 - z**2 + 5*z + 4. Let f(c) = -17*c**3 - c**2 + 9*c + 7. Let i(s) = 3*f(s) - 5*x(s). What are the prime factors of i(-1)?
2, 3
Let h(m) = 6*m**2 - 5*m - 6. What are the prime factors of h(-3)?
3, 7
Let u = -2 + 11. Let k = 1 + u. What are the prime factors of k?
2, 5
Suppose 19 = c - 13. What are the prime factors of c?
2
Let o = -3 + 11. Suppose t + 0*t + 19 = -3*f, -2*t - 8 = f. Let v = f + o. What are the prime factors of v?
2
Suppose r + 24 - 77 = 0. What are the prime factors of r + (-2)/(-2) + 0?
2, 3
Suppose -4*a = -a - 3*v - 39, 5*v = -2*a + 12. What are the prime factors of a?
11
Let t be (-6)/(-2)*(-8)/(-12). Suppose -112 = -2*n - t*n. What are the prime factors of n?
2, 7
Let t = 8 + 32. List the prime factors of t.
2, 5
Suppose -s = -2*t + s - 26, 21 = -2*t + s. Let i = t + 21. List the prime factors of i.
13
Suppose -21 + 90 = 3*m. What are the prime factors of m?
23
What are the prime factors of 2*(2 + -4) - -6?
2
Suppose -3*s = -0*s - 24. What are the prime factors of s?
2
Suppose -4*u = 7*q - 2*q - 753, 2*q - 189 = -u. List the prime factors of u.
11, 17
Let w(t) = -t. List the prime factors of w(-11).
11
Let r(m) = -m**2 - 6*m - 6. Let y be r(-4). Let p(g) = -y*g**2 - 2 + 6*g**2 - 3*g**2 + 3. List the prime factors of p(2).
5
Let x(z) = z**3 - 5*z**2 - 2*z - 16. What are the prime factors of x(8)?
2, 5
Let d = -91 - -95. What are the prime factors of d?
2
Let p(z) = -22*z + 1. Let m be p(-2). Suppose 4*t + t + m = 0. What are the prime factors of (-6)/t - (-40)/3?
2, 7
Let a(o) = o + 2 + 2*o + o**2 - 2*o. Let t be a(0). What are the prime factors of (-28)/(-6)*3/t?
7
Let n(x) = 3*x**2 - 3*x - 2. Let d be n(9). Let g = d - 143. Suppose -g = -5*m - f + 30, 0 = 2*m - 3*f - 54. List the prime factors of m.
3, 7
Let a(r) = 46*r - 7. What are the prime factors of a(3)?
131
Suppose q = -1, -3*m - m + 5*q + 157 = 0. List the prime factors of m.
2, 19
What are the prime factors of (534/24 - 5) + 2/(-8)?
17
Let z(u) = 13*u**3 + 2*u**2 + u - 2. List the prime factors of z(1).
2, 7
What are the prime factors of ((-4)/(-6))/((-34)/(-1989))?
3, 13
Suppose -2*z = 2*z - 136. Let v = -13 + z. What are the prime factors of v?
3, 7
Suppose -4*r + 184 = 56. Let v = -13 + r. List the prime factors of v.
19
Suppose 3*n = -8 + 14. Suppose 2*m - 20 + n = 0. What are the prime factors of m?
3
Let v = 921 - 1663. What are the prime factors of v/(-18) + 10/(-45)?
41
Let c(i) = 2*i**2 + 2*i - 8. What are the prime factors of c(-5)?
2
Suppose 2*j - 28 = 2*l, -5*j - 4*l + 34 = -0*l. Let s = -5 + j. Suppose -s = -c + 3. List the prime factors of c.
2
Let n be 0/((-7)/(7/2)). Suppose n*u + u - 11 = 0. List the prime factors of u.
11
Suppose 2*a = 3*a - 38. List the prime factors of a + (-3 - (-1 - -1)).
5, 7
Let x be (1/(-1))/((-1)/(-13)). Let l = x + 27. List the prime factors of l.
2, 7
Let g = -7 - -11. Let m(o) = -o**3 + 5*o**2 - 2*o. Let p be m(g). Suppose 0 = 3*r - 4*r + p. List the prime factors of r.
2
Let v = 11 - -10. Suppose 0 = 3*c - 5*y - 0*y - 34, 0 = -2*c + 3*y + v. Suppose -c*p + 12 + 9 = 0. List the prime factors of p.
7
List the prime factors of -3 + (-4 - -14*2/2).
7
List the prime factors of -3 - -1*(3 - -14).
2, 7
What are the prime factors of (-3)/6*(-50 + -6)?
2, 7
Let f(q) = -10*q - 5. Let o be f(-2). Let s = -3 + o. List the prime factors of s.
2, 3
Suppose 2*h + 5*w - 13 = -0*h, -w = 4*h - 35. Suppose -6*v + h = -21. List the prime factors of v.
5
Let r(m) = -m**2 + 17*m + 6. What are the prime factors of r(16)?
2, 11
Let u(x) = x**2 - x + 1. Let g be u(0). List the prime factors of (-516)/(-30) - g/5.
17
Suppose 0 = -5*x + n - 0*n + 910, x - 5*n - 206 = 0. What are the prime factors of x?
181
Let q = 137 + 112. List the prime factors of q.
3, 83
Suppose 3